{"id":5,"date":"2019-11-29T18:53:08","date_gmt":"2019-11-29T17:53:08","guid":{"rendered":"https:\/\/www.fetishroot.com\/amateur-cams\/?page_id=5"},"modified":"2026-01-05T17:34:53","modified_gmt":"2026-01-05T16:34:53","slug":"startseite","status":"publish","type":"page","link":"https:\/\/www.fetishroot.com\/fetischchat\/","title":{"rendered":"Fetisch Chat"},"content":{"rendered":"<div class=\"intro\">\n<h2>Jetzt intim im Fetischchat mit Gleichgesinnten chatten<\/h2>\n<p>Die hei\u00dfesten Fetisch Chat Adressen im deutschsprachigen Raum: Wenn du eine Chatplattform suchst, auf der du dich mit Gleichgesinnten Fetisch-ChatterInnen ungest\u00f6rt austauschen kannst, dann sind hier die besten Angebote f\u00fcr dich. Im Fetisch Sexchat kannst du dich mit BDSM-lern sowie einer Geldherrin oder auch einer Transe privat austauschen. Der Zutritt ist zumeist gratis.<\/p>\n<\/div>\n<p class=\"topofentries\"><strong>Hier nun die Top Chat Adressen f\u00fcr Doms &#038; Subs:<\/strong><\/p>\n<div class=\"presentation\">\n<h3>BDSM Sex Cam Chat<\/h3>\n<p><a href=\"https:\/\/www.bdsm-chat.life\/\" target=\"_blank\" rel=\"noopener noreferrer\">bdsm-chat.life ansehen<\/a><br \/>\nHier findest du private SM Livecams f\u00fcr Rollenspiele oder Cam Erziehung durch eine Domina. Folge oder f\u00fchre &#8211; Dominante Damen und devote Sklavinnen warten hier im BDSM Chat auf dich.\n<\/div>\n<div class=\"presentation\">\n<h3>Domina Live Fetisch Chat<\/h3>\n<p><a href=\"https:\/\/www.dominas-live.com\/\" target=\"_blank\" rel=\"noopener noreferrer\">dominas-live.com ansehen<\/a><br \/>\nDominas direkt 1:1 live im privaten Fetisch Chat erleben. Eine Herrin oder Geldherrin wie Emily Diaz, Miss Adrastea, Aia Reyes w\u00e4hlen und per Camchat zum Sklaven, zur Sissy erziehen lassen oder als Cuckold Erniedrigung erfahren.\n<\/div>\n<div class=\"presentation\">\n<h3>Transenfetisch Chat live<\/h3>\n<p><a href=\"https:\/\/www.transen-chat.com\/\" target=\"_blank\" rel=\"noopener noreferrer\">transen-chat.com ansehen<\/a><br \/>\nDich erwarten hei\u00dfe Schwanzweiber mit Titten und hartem Schwanz. Chatte ganz ungest\u00f6rt mit Transen und stille deine Neugier bez\u00fcglich Sex mit Schwanzgirls. Du kannst den Transenchat kostenfrei testen.\n<\/div>\n<div class=\"presentation\">\n<h3>Dominas und Herrinnen erziehen Webcam Sklaven<\/h3>\n<p><a href=\"https:\/\/www.camerziehung.com\/\" target=\"_blank\" rel=\"noopener noreferrer\">camerziehung.com ansehen<\/a><br \/>\nLive Sub Erziehung vor der Webcam mit einer Online Herrin. Sowohl Anf\u00e4nger als auch erfahrene Sklaven finden hier dominate Herrinnen, die eine Online Erziehung live durchf\u00fchren. Worauf wartest du noch?\n<\/div>\n<div class=\"presentation\">\n<h3>Private deutsche Fetisch Sexcams mit Chat<\/h3>\n<p><a href=\"https:\/\/www.fetischsexcams.com\/\" target=\"_blank\" rel=\"noopener noreferrer\">fetischsexcams.com ansehen<\/a><br \/>\nVor dem Livecam-Abenteuer kannst du hier die Chemie im gratis Fetisch Chat abchecken. Eine Menge verschiedener Fetischfrauen von A bis Z sind hier t\u00e4glich im kostenlosen Fetisch Chatroom f\u00fcr dich verf\u00fcgbar.\n<\/div>\n<div class=\"intro\">\n<h2>Deutschsprachige Fetisch Livechat Seiten zu spezifischen Themen<\/h2>\n<p>Wor\u00fcber m\u00f6chtest du mit einer Frau schreiben? Welche sexuellen Vorlieben hast du, die du vielleicht mit deiner Frau oder deiner Partnerin keinesfalls umsetzen kannst? Damit du endlich eine Partnerin findest, mit der du deine sexuellen Vorlieben online oder auch real ausleben kannst, stellen wir die hier im Fetishroot Verzeichnis die besten Seiten mit Fetisch Chat vor. Vom BDSM Chat bis hin zu ganz privaten Chats mit Transsexuellen wirst du hier alles finden, was dich deiner absoluten sexuellen Befriedigung n\u00e4her bringen wird.<\/p>\n<p><img loading=\"lazy\" decoding=\"async\" src=\"..\/images\/fetisch-livechat.jpg\" class=\"aligncenter img-responsive\" width=\"750\" height=\"500\" alt=\"Fetisch Chat Luder\"><\/p>\n<p>Zu allen Themen, m\u00f6gen sie auch noch so speziell oder pervers sein, kannst du hier einen Fetisch Livechat finden, wo bereits die passende Chatpartnerin auf dich wartet, um mit dir eine geile Session zu zelebrieren. Nur keine falsche Scheu &#8211; die Damen sind ja nicht umsonst in einem Fetischat vertreten &#8211; du wirst \u00fcberrascht sein, wozu manch junge Frau in einem dieser Fetisch Chats oder auch manch reife Milf oder betagte Oma bereit ist.<\/p>\n<h3>Was bietet das Fetischchat Verzeichnis?<\/h3>\n<ul>\n<li>Die besten deutschsprachigen Fetischlivechat Angebote<\/li>\n<li>Chatte 1:1 mit scharfen Frauen \u00fcber deine Bed\u00fcrfnisse<\/li>\n<li>Chaterziehung durch erfahrene Dominas und Geldherrinnen<\/li>\n<li>Befriedige deine Lust und deine Triebe mit gleichgesinnten ChatterInnen<\/li>\n<li>Zugang zu beliebten Chatcommunities zu Sadomaso, Pissspiele oder Transensex und mehr<\/li>\n<li>Verabrede noch heute Fetischtreffen im Privatchat<\/li>\n<li>Gratis Zug\u00e4nge zu den besten Webseiten im deutschsprachigen Raum<\/li>\n<\/ul>\n<h4>Fetisch Chat Portale zu BDSM, Natursekt und vielen weiteren Themen<\/h4>\n<p>Du hast einen Fetisch und willst ihn gerne mit einer Partnerin teilen? Na dann w\u00e4hle doch aus den vorgestellten Chatseiten einfach eine Passende aus. Dort warten jede Menge Frauen aus ganz Deutschland, \u00d6sterreich und der Schweiz auf dich, die f\u00fcr ganz spontane Fetischsessions im privaten 1:1 Chat jederzeit bereit sind. Sie sind sicher schon alle ganz geil darauf, deine Neigung zu erfahren, um deine Triebe direkt befriedigen zu k\u00f6nnen.<\/p>\n<p>Die meisten Girls sind selbst so sehr in ihrem jeweiligen Fetisch &#8211; sei es nun aus dem Bereich BDSM, Natursekt oder etwas anderem &#8211; dass sie sich richtig reinknien, weil sie dabei auch ihre eigenen Fantasien mit einem Partner wie dir verwirklichen k\u00f6nnen. Eure sexuellen Handlungen k\u00f6nnen ja auch au\u00dferhalb des Fetischchats stattfinden &#8211; verabredet einfach ein Sextreffen. Mehr dazu findest du aber in unserer passenden Rubrik <a href=\"https:\/\/www.fetishroot.com\/fetischkontakte\/\">Fetisch Kontakte<\/a> &#8211; wo du Sexpartnerinnen zu allen m\u00f6glichen Fetischen finden wirst, die ganz scharf auf ein Sexdate sind.<\/p>\n<\/div>\n","protected":false},"excerpt":{"rendered":"<p>Jetzt intim im Fetischchat mit Gleichgesinnten chatten Die hei\u00dfesten Fetisch Chat Adressen im deutschsprachigen Raum: Wenn du eine Chatplattform suchst,<\/p>\n","protected":false},"author":1,"featured_media":0,"parent":0,"menu_order":0,"comment_status":"closed","ping_status":"closed","template":"","meta":{"footnotes":""},"class_list":["post-5","page","type-page","status-publish","hentry"],"yoast_head":"<!-- This site is optimized with the Yoast SEO plugin v26.6 - https:\/\/yoast.com\/wordpress\/plugins\/seo\/ -->\n<title>Fetisch Chat | Gleichgesinnte im Fetischsexchat treffen<\/title>\n<meta name=\"description\" content=\"Chatte mit gleichgesinnten Frauen \u00fcber deinen Fetisch \u27a4\u27a4 Ob BDSM oder Natursekt... im Fetisch Chat findest du ChatterInnen \u2713\u2713 Gratis testen!\" \/>\n<meta name=\"robots\" content=\"index, follow, max-snippet:-1, max-image-preview:large, max-video-preview:-1\" \/>\n<link rel=\"canonical\" href=\"https:\/\/www.fetishroot.com\/fetischchat\/\" \/>\n<meta property=\"og:locale\" content=\"de_DE\" \/>\n<meta property=\"og:type\" content=\"article\" \/>\n<meta property=\"og:title\" content=\"Fetisch Chat | Gleichgesinnte im Fetischsexchat treffen\" \/>\n<meta property=\"og:description\" content=\"Chatte mit gleichgesinnten Frauen \u00fcber deinen Fetisch \u27a4\u27a4 Ob BDSM oder Natursekt... im Fetisch Chat findest du ChatterInnen \u2713\u2713 Gratis testen!\" \/>\n<meta property=\"og:url\" content=\"https:\/\/www.fetishroot.com\/fetischchat\/\" \/>\n<meta property=\"og:site_name\" content=\"Fetisch Chat\" \/>\n<meta property=\"article:modified_time\" content=\"2026-01-05T16:34:53+00:00\" \/>\n<meta name=\"twitter:card\" content=\"summary_large_image\" \/>\n<meta name=\"twitter:label1\" content=\"Gesch\u00e4tzte Lesezeit\" \/>\n\t<meta name=\"twitter:data1\" content=\"4\u00a0Minuten\" \/>\n<script type=\"application\/ld+json\" class=\"yoast-schema-graph\">{\"@context\":\"https:\/\/schema.org\",\"@graph\":[{\"@type\":\"WebPage\",\"@id\":\"https:\/\/www.fetishroot.com\/fetischchat\/\",\"url\":\"https:\/\/www.fetishroot.com\/fetischchat\/\",\"name\":\"Fetisch Chat | Gleichgesinnte im Fetischsexchat treffen\",\"isPartOf\":{\"@id\":\"https:\/\/www.fetishroot.com\/fetischchat\/#website\"},\"datePublished\":\"2019-11-29T17:53:08+00:00\",\"dateModified\":\"2026-01-05T16:34:53+00:00\",\"description\":\"Chatte mit gleichgesinnten Frauen \u00fcber deinen Fetisch \u27a4\u27a4 Ob BDSM oder Natursekt... im Fetisch Chat findest du ChatterInnen \u2713\u2713 Gratis testen!\",\"inLanguage\":\"de\",\"potentialAction\":[{\"@type\":\"ReadAction\",\"target\":[\"https:\/\/www.fetishroot.com\/fetischchat\/\"]}]},{\"@type\":\"WebSite\",\"@id\":\"https:\/\/www.fetishroot.com\/fetischchat\/#website\",\"url\":\"https:\/\/www.fetishroot.com\/fetischchat\/\",\"name\":\"Fetisch Chat\",\"description\":\"Chatverzeichnis mit den besten Angeboten f\u00fcr Fetischchats\",\"potentialAction\":[{\"@type\":\"SearchAction\",\"target\":{\"@type\":\"EntryPoint\",\"urlTemplate\":\"https:\/\/www.fetishroot.com\/fetischchat\/?s={search_term_string}\"},\"query-input\":{\"@type\":\"PropertyValueSpecification\",\"valueRequired\":true,\"valueName\":\"search_term_string\"}}],\"inLanguage\":\"de\"}]}<\/script>\n<!-- \/ Yoast SEO plugin. -->","yoast_head_json":{"title":"Fetisch Chat | Gleichgesinnte im Fetischsexchat treffen","description":"Chatte mit gleichgesinnten Frauen \u00fcber deinen Fetisch \u27a4\u27a4 Ob BDSM oder Natursekt... im Fetisch Chat findest du ChatterInnen \u2713\u2713 Gratis testen!","robots":{"index":"index","follow":"follow","max-snippet":"max-snippet:-1","max-image-preview":"max-image-preview:large","max-video-preview":"max-video-preview:-1"},"canonical":"https:\/\/www.fetishroot.com\/fetischchat\/","og_locale":"de_DE","og_type":"article","og_title":"Fetisch Chat | Gleichgesinnte im Fetischsexchat treffen","og_description":"Chatte mit gleichgesinnten Frauen \u00fcber deinen Fetisch \u27a4\u27a4 Ob BDSM oder Natursekt... im Fetisch Chat findest du ChatterInnen \u2713\u2713 Gratis testen!","og_url":"https:\/\/www.fetishroot.com\/fetischchat\/","og_site_name":"Fetisch Chat","article_modified_time":"2026-01-05T16:34:53+00:00","twitter_card":"summary_large_image","twitter_misc":{"Gesch\u00e4tzte Lesezeit":"4\u00a0Minuten"},"schema":{"@context":"https:\/\/schema.org","@graph":[{"@type":"WebPage","@id":"https:\/\/www.fetishroot.com\/fetischchat\/","url":"https:\/\/www.fetishroot.com\/fetischchat\/","name":"Fetisch Chat | Gleichgesinnte im Fetischsexchat treffen","isPartOf":{"@id":"https:\/\/www.fetishroot.com\/fetischchat\/#website"},"datePublished":"2019-11-29T17:53:08+00:00","dateModified":"2026-01-05T16:34:53+00:00","description":"Chatte mit gleichgesinnten Frauen \u00fcber deinen Fetisch \u27a4\u27a4 Ob BDSM oder Natursekt... im Fetisch Chat findest du ChatterInnen \u2713\u2713 Gratis testen!","inLanguage":"de","potentialAction":[{"@type":"ReadAction","target":["https:\/\/www.fetishroot.com\/fetischchat\/"]}]},{"@type":"WebSite","@id":"https:\/\/www.fetishroot.com\/fetischchat\/#website","url":"https:\/\/www.fetishroot.com\/fetischchat\/","name":"Fetisch Chat","description":"Chatverzeichnis mit den besten Angeboten f\u00fcr Fetischchats","potentialAction":[{"@type":"SearchAction","target":{"@type":"EntryPoint","urlTemplate":"https:\/\/www.fetishroot.com\/fetischchat\/?s={search_term_string}"},"query-input":{"@type":"PropertyValueSpecification","valueRequired":true,"valueName":"search_term_string"}}],"inLanguage":"de"}]}},"_links":{"self":[{"href":"https:\/\/www.fetishroot.com\/fetischchat\/wp-json\/wp\/v2\/pages\/5","targetHints":{"allow":["GET"]}}],"collection":[{"href":"https:\/\/www.fetishroot.com\/fetischchat\/wp-json\/wp\/v2\/pages"}],"about":[{"href":"https:\/\/www.fetishroot.com\/fetischchat\/wp-json\/wp\/v2\/types\/page"}],"author":[{"embeddable":true,"href":"https:\/\/www.fetishroot.com\/fetischchat\/wp-json\/wp\/v2\/users\/1"}],"replies":[{"embeddable":true,"href":"https:\/\/www.fetishroot.com\/fetischchat\/wp-json\/wp\/v2\/comments?post=5"}],"version-history":[{"count":9,"href":"https:\/\/www.fetishroot.com\/fetischchat\/wp-json\/wp\/v2\/pages\/5\/revisions"}],"predecessor-version":[{"id":105,"href":"https:\/\/www.fetishroot.com\/fetischchat\/wp-json\/wp\/v2\/pages\/5\/revisions\/105"}],"wp:attachment":[{"href":"https:\/\/www.fetishroot.com\/fetischchat\/wp-json\/wp\/v2\/media?parent=5"}],"curies":[{"name":"wp","href":"https:\/\/api.w.org\/{rel}","templated":true}]}}